30 + 4c9?
-a245
In base 2, what is 10000001011000100 + -10110101?
10000001000001111
In base 2, what is -1000000101011100 - -110001100?
-111111111010000
In base 5, what is 3302034331 - -31?
3302034412
In base 8, what is 75 + -3642261?
-3642164
In base 12, what is -141775a5 + -1a?
-14177603
In base 4, what is 101021311 - 12031101?
22330210
In base 14, what is 10 + -22bd044?
-22bd034
In base 11, what is aa162 + 43?
aa1a5
In base 11, what is 91 + -106373?
-106292
In base 5, what is 344303412 - 1?
344303411
In base 3, what is -2210210012 - -10002111?
-2200200201
In base 7, what is 5033 + 150234?
155300
In base 9, what is -1 - 4774176?
-4774177
In base 9, what is -1 - -76136830?
76136828
In base 5, what is 10242421432 + -4?
10242421423
In base 2, what is -1101101001010010 - 11111101111?
-1110001001000001
In base 14, what is 349 - 96b?
-622
In base 4, what is 3 + 2100313010?
2100313013
In base 5, what is 34 + -2001122214?
-2001122130
In base 15, what is -c9 + -1083a?
-10914
In base 15, what is -c - -95bd68?
95bd5b
In base 12, what is -17 + -90ab2?
-90b09
In base 7, what is -11 + 300454?
300443
In base 10, what is -4 - 874993?
-874997
In base 10, what is 22678 + 1125?
23803
In base 3, what is 220 + -22112011112?
-22112010122
In base 8, what is 1 - 42561541?
-42561540
In base 9, what is 184 - 264586?
-264402
In base 3, what is 12101222222211010 - -2?
12101222222211012
In base 2, what is -10 + 10110100111001011001101111111?
10110100111001011001101111101
In base 9, what is 7760 + 13776?
22646
In base 4, what is 11 + -11221230222?
-11221230211
In base 8, what is -7447155 + 21?
-7447134
In base 16, what is -1 - -7232a?
72329
In base 12, what is 3 - -19653119?
19653120
In base 13, what is -1631bc + 20?
-16319c
In base 16, what is 570f - -141?
5850
In base 4, what is 112030 + -113221012?
-113102322
In base 5, what is -23 - 40303014?
-40303042
In base 7, what is -16 + -162653211?
-162653230
In base 16, what is 4df4 - 217?
4bdd
In base 15, what is 6 - -1d5a1?
1d5a7
In base 4, what is -2020311 - 21?
-2020332
In base 5, what is 14441 - 10200?
4241
In base 7, what is 202 - -10210103?
10210305
In base 12, what is 11670b18 - 3?
11670b15
In base 10, what is -20319778 - 5?
-20319783
In base 2, what is -100001000111110 + -10011110001010?
-110100111001000
In base 11, what is 4 - 37a4583?
-37a457a
In base 15, what is 1 - -2bd833?
2bd834
In base 16, what is -6 - 41bc45?
-41bc4b
In base 12, what is 5178279 + 12?
517828b
In base 13, what is -115c - 2241?
-33a0
In base 9, what is 74172 + -1171?
73001
In base 15, what is -1b06bd5 + 1?
-1b06bd4
In base 13, what is 10879a + -7?
108793
In base 9, what is 26268115 + 5?
26268121
In base 4, what is -133112230003332 - -3?
-133112230003323
In base 15, what is 0 - -1020715?
1020715
In base 5, what is 30403104 - 2414?
30400140
In base 2, what is 1 - -10111000111000110011010101?
10111000111000110011010110
In base 11, what is -89937 + 1799?
-88149
In base 9, what is 11087258 - -4?
11087263
In base 15, what is b0c365 - 2?
b0c363
In base 5, what is 1234330 - 310344?
423431
In base 15, what is -6 + 1aa89e0?
1aa89d9
In base 8, what is 263272201 + -4?
263272175
In base 13, what is 4b - 310859?
-31080b
In base 12, what is 4549674 + 4?
4549678
In base 6, what is -1 - 145135121?
-145135122
In base 15, what is -1240a - 332?
-1273c
In base 14, what is -87a2873 - -c?
-87a2865
In base 3, what is -222221121012211211 + 12?
-222221121012211122
In base 11, what is -10 + 7a40040?
7a40030
In base 7, what is 1300 - -1206450?
1211050
In base 12, what is -13b4a4 - 164?
-13b648
In base 15, what is -15d2b343 - 0?
-15d2b343
In base 8, what is -5163440 - 134?
-5163574
In base 7, what is -613660442 + 2?
-613660440
In base 3, what is 1221001020200222 - 12?
1221001020200210
In base 3, what is 12012012221 - -10012?
12012100010
In base 14, what is 5b7b2 - d?
5b7a3
In base 5, what is 20101 - 10144423?
-10124322
In base 5, what is 104441340 - 23?
104441312
In base 12, what is -51301 - 27a?
-5157b
In base 12, what is 82 - -214a54?
214b16
In base 4, what is 11 + 20111230033113?
20111230033130
In base 13, what is -161a2b - 189?
-161bb7
In base 8, what is 22542660 + -7?
22542651
In base 6, what is 3411 - -24432?
32243
In base 16, what is -23d + -103ec3?
-104100
In base 2, what is 1010001100101 - -10111000000?
1101000100101
In base 13, what is 11089 + -12c?
10c5a
In base 11, what is 4 - 5780350?
-5780347
In base 13, what is 6c6 - 67782?
-67089
In base 8, what is 7732020 + 235?
7732255
In base 11, what is -147 + -16350?
-16497
In base 12, what is 2b3 - aab5?
-a802
In base 8, what is 3 + 3742722?
3742725
In base 14, what is -21c2425 + -2?
-21c2427
In base 14, what is -7bc392 + 11?
-7bc381
In base 2, what is 1001001011011010100010110001 + 101?
1001001011011010100010110110
In base 3, what is 11120201201022 + -100?
11120201200222
In base 12, what is b1 + -16065?
-15b74
In base 12, what is 0 - -1763a2b8?
1763a2b8
In base 9, what is 1016 + 1825?
2842
In base 6, what is -35 - -10305105?
10305030
In base 15, what is a - 3e2526d?
-3e25263
In base 3, what is 2 + 202220121002101?
202220121002110
In base 12, what is -3 - 511191?
-511194
In base 5, what is -10 - -3241223224?
3241223214
In base 6, what is -1324140 - -1032?
-1323104
In base 4, what is -1322110203 + 1?
-1322110202
In base 10, what is 3425412 - 4?
3425408
In base 11, what is 200a42 + 185?
201117
In base 3, what is -1100121 + 112012211?
110212020
In base 8, what is -1060755264 - -1?
-1060755263
In base 6, what is 305 - -1143203?
1143512
In base 7, what is 354 - 51423?
-51036
In base 13, what is 3 - 268b925?
-268b922
In base 14, what is -27cd7 + 318?
-279bd
In base 13, what is -32a - -427c?
3c52
In base 7, what is 566 + -121304?
-120405
In base 12, what is -6a03 + 8382?
157b
In base 3, what is -222 + 100220120022001?
100220120021002
In base 15, what is -834e2b - -3?
-834e28
In base 5, what is 3 - -1414002420?
1414002423
In base 8, what is 13 + -1431623?
-1431610
In base 11, what is -19025a0a - -3?
-19025a07
In base 10, what is -1044691 + 5?
-1044686
In base 2, what is -1000100101000011011110101 - 100?
-1000100101000011011111001
In base 15, what is 8b - 23b19?
-23a7d
In base 12, what is -3983 - -12443?
a680
In base 15, what is 52cd6 + a?
52ce1
In base 3, what is -12112101 - -101021202?
11202101
In base 15, what is -3cc1c8 - -1d7?
-3cbee1
In base 8, what is 3205442 - 457?
3204763
In base 13, what is -145c - 6c076?
-70505
In base 13, what is -7a5 - 1a44?
-2519
In base 9, what is 5 - -887123?
887128
In base 2, what is 1100010100101 - 10111100001100101?
-10101111111000000
In base 7, what is -3 + 10616162200?
10616162164
In base 13, what is 1439998 - 6?
1439992
In base 10, what is -1902500 - 3?
-1902503
In base 13, what is -33388c0 - 4?
-33388c4
In base 14, what is 19124 + 37?
1915b
In base 8, what is -70 + -727346?
-727436
In base 14, what is -24 - 140059?
-14007d
In base 10, what is 618848 - -1605?
620453
In base 3, what is -11 - 112000022011102?
-112000022011120
In base 6, what is -52021415 + 0?
-52021415
In base 9, what is 128 + -2808652?
-2808523
In base 3, what is 1200001210221 + 22200?
1200002010121
In base 13, what is -1 + -4aac0?
-4aac1
In base 9, what is -4536 + -281283?
-285830
In base 8, what is -146221321 + 4?
-146221315
In base 10, what is -18578 + -11129?
-29707
In base 8, what is -2 - 3507656?
-3507660
In base 7, what is -2062320633 + -10?
-2062320643
In base 8, what is 4645 - 145355?
-140510
In base 6, what is 1511342352 + 0?
1511342352
In base 5, what is 1 - 10423312020?
-10423312014
In base 10, what is 23 - 2719466?
-2719443
In base 13, what is -8 + -548b9?
-548c4
In base 13, what is -45cb1 - -1b5?
-45ac9
In base 16, what is 124 - -8208?
832c
In base 9, what is -531735 - 3?
-531738
In base 10, what is -14589 - -26403?
11814
In base 15, what is 25dd1ba - 2?
25dd1b8
In base 10, what is -15739404 + -50?
-15739454
In base 7, what is 2255010 + 56?
2255066
In base 8, what is 2 - -711357523?
711357525
In base 12, what is 2b754130 + 2?
2b754132
In base 7, what is -1 - 13430664?
-13430665
In base 13, what is 228374a2 - 5?
2283749a
In base 9, what is -4867 - 306426?
-312404
In base 5, what is -320 - -4304214032?
4304213212
In base 13, what is 3 - -4a7bab7?
4a7baba
In base 2, what is -101 + -11111000011000101010?
-1111